s the units digit of 2200023?
3
What is the hundreds digit of 18154043?
0
What is the hundred thousands digit of 445573?
4
What is the ten thousands digit of 359032?
5
What is the thousands digit of 4114022?
4
What is the units digit of 2172359?
9
What is the ten thousands digit of 11656154?
5
What is the millions digit of 3544918?
3
What is the hundreds digit of 17312?
3
What is the units digit of 1646452?
2
What is the thousands digit of 5040038?
0
What is the hundred thousands digit of 1018658?
0
What is the millions digit of 8154299?
8
What is the units digit of 3414756?
6
What is the hundreds digit of 53415?
4
What is the units digit of 6272385?
5
What is the hundreds digit of 148704?
7
What is the ten thousands digit of 4946006?
4
What is the ten thousands digit of 2746253?
4
What is the tens digit of 145722?
2
What is the ten thousands digit of 4562107?
6
What is the hundred thousands digit of 498551?
4
What is the tens digit of 684033?
3
What is the units digit of 2572508?
8
What is the units digit of 1727310?
0
What is the hundred thousands digit of 9715198?
7
What is the hundred thousands digit of 4092108?
0
What is the tens digit of 184265?
6
What is the hundreds digit of 15798?
7
What is the hundreds digit of 317375?
3
What is the ten thousands digit of 99634?
9
What is the hundred thousands digit of 212871?
2
What is the ten thousands digit of 3353556?
5
What is the millions digit of 19702935?
9
What is the ten thousands digit of 624607?
2
What is the hundred thousands digit of 3812683?
8
What is the hundreds digit of 85471?
4
What is the tens digit of 47279?
7
What is the thousands digit of 794566?
4
What is the tens digit of 9775371?
7
What is the hundred thousands digit of 402174?
4
What is the ten millions digit of 17616495?
1
What is the hundred thousands digit of 429775?
4
What is the ten thousands digit of 7314862?
1
What is the hundred thousands digit of 557119?
5
What is the millions digit of 17387712?
7
What is the hundreds digit of 927454?
4
What is the tens digit of 16155880?
8
What is the ten thousands digit of 12916439?
1
What is the tens digit of 652157?
5
What is the millions digit of 3574916?
3
What is the millions digit of 3321842?
3
What is the millions digit of 23811986?
3
What is the millions digit of 21889859?
1
What is the units digit of 1596243?
3
What is the thousands digit of 1613797?
3
What is the tens digit of 806715?
1
What is the ten thousands digit of 11720790?
2
What is the ten thousands digit of 11022999?
2
What is the thousands digit of 134035?
4
What is the thousands digit of 796553?
6
What is the ten thousands digit of 1780862?
8
What is the hundreds digit of 149830?
8
What is the millions digit of 14908802?
4
What is the hundreds digit of 5278234?
2
What is the thousands digit of 5320239?
0
What is the tens digit of 288560?
6
What is the tens digit of 76301?
0
What is the hundred thousands digit of 2930057?
9
What is the units digit of 8468355?
5
What is the hundreds digit of 2722640?
6
What is the ten thousands digit of 593111?
9
What is the millions digit of 1183232?
1
What is the ten millions digit of 12120116?
1
What is the tens digit of 12262662?
6
What is the units digit of 90541?
1
What is the hundred thousands digit of 881391?
8
What is the ten thousands digit of 322688?
2
What is the thousands digit of 921356?
1
What is the hundreds digit of 18953813?
8
What is the units digit of 5114580?
0
What is the units digit of 10263042?
2
What is the hundred thousands digit of 6633305?
6
What is the hundred thousands digit of 313656?
3
What is the hundred thousands digit of 21876123?
8
What is the ten thousands digit of 819993?
1
What is the thousands digit of 21245260?
5
What is the hundreds digit of 917373?
3
What is the hundred thousands digit of 436241?
4
What is the hundreds digit of 83070?
0
What is the ten thousands digit of 12244272?
4
What is the ten millions digit of 11531161?
1
What is the thousands digit of 5579610?
9
What is the units digit of 13123759?
9
What is the units digit of 171495?
5
What is the tens digit of 570186?
8
What is the units digit of 369332?
2
What is the tens digit of 2886881?
8
What is the tens digit of 8096351?
5
What is the hundreds digit of 7361369?
3
What is the hundred thousands digit of 4915995?
9
What is the ten thousands digit of 716618?
1
What is the hundreds digit of 3844001?
0
What is the thousands digit of 287849?
7
What is the thousands digit of 745081?
5
What is the hundred thousands digit of 6741648?
7
What is the thousands digit of 594483?
4
What is the hundred thousands digit of 3048916?
0
What is the millions digit of 3235648?
3
What is the units digit of 16401002?
2
What is the hundred thousands digit of 145703?
1
What is the thousands digit of 2174986?
4
What is the tens digit of 638711?
1
What is the tens digit of 19162339?
3
What is the tens digit of 120116?
1
What is the thousands digit of 8193380?
3
What is the units digit of 20010303?
3
What is the tens digit of 43330?
3
What is the units digit of 412503?
3
What is the tens digit of 2195354?
5
What is the units digit of 475560?
0
What is the tens digit of 815856?
5
What is the hundred thousands digit of 9219677?
2
What is the ten thousands digit of 13299274?
9
What is the ten thousands digit of 63379?
6
What is the thousands digit of 2343142?
3
What is the millions digit of 17720016?
7
What is the tens digit of 18947?
4
What is the units digit of 4258397?
7
What is the ten thousands digit of 7450414?
5
What is the units digit of 181030?
0
What is the tens digit of 7689020?
2
What is the ten thousands digit of 7482296?
8
What is the ten thousands digit of 402717?
0
What is the millions digit of 5873234?
5
What is the millions digit of 3084809?
3
What is the thousands digit of 3334994?
4
What is the ten thousands digit of 185145?
8
What is the hundred thousands digit of 1985958?
9
What is the thousands digit of 60782?
0
What is the tens digit of 66049?
4
What is the ten thousands digit of 6385947?
8
What is the millions digit of 4180753?
4
What is the millions digit of 1057497?
1
What is the units digit of 6092721?
1
What is the hundreds digit of 105378?
3
What is the tens digit of 158941?
4
What is the hundred thousands digit of 5214442?
2
What is the tens digit of 297522?
2
What is the hundreds digit of 1284556?
5
What is the thousands digit of 421468?
1
What is the tens digit of 350284?
8
What is the ten thousands digit of 1349227?
4
What is the thousands digit of 630118?
0
What is the thousands digit of 804907?
4
What is the units digit of 9689660?
0
What is the hundred thousands digit of 500025?
5
What is the ten thousands digit of 403434?
0
What is the hundred thousands digit of 1795874?
7
What is the thousands digit of 10769579?
9
What is the ten thousands digit of 1971452?
7
What is the hundred thousands digit of 8114511?
1
What is the hundreds digit of 315833?
8
What is the hundreds digit of 20510127?
1
What is the units digit of 145369?
9
What is the units digit of 8258281?
1
What is the hundred thousands digit of 1244673?
2
What is the hundred thousands digit of 545369?
5
What is the hundred thousands digit of 793271?
7
What is the hundreds digit of 397799?
7
What is the thousands digit of 6162645?
2
What is the units digit of 403914?
4
What is the units digit of 189338?
8
What is the ten thousands digit of 25021701?
2
What is the hundred thousands digit of 22302324?
3
What is the thousands digit of 205568?
5
What is the ten thousands digit of 53437?
5
What is the ten thousands digit of 71271?
7
What is the hundreds digit of 128834?
8
What is the tens digit of 86523?
2
What is the units digit of 11977?
7
What is the hundred thousands digit of 383465?
3
What is the thousands digit of 14650083?
0
What is the hundreds digit of 11547738?
7
What is the ten millions digit of 14572624?
1
What is the hundred thousands digit of 3333765?
3
What is the ten thousands digit of 652545?
5
What is the hundred thousands digit of 6100875?
1
What is the tens digit of 219911?
1
What is the hundreds digit of 43184849?
8
What is the thousands digit of 23556558?
6
What is the millions digit of 9109576?
9
What is the units digit of 433907?
7
What is the ten thousands digit of 368230?
6
What is th